{"id":15336,"date":"2015-07-21T14:13:47","date_gmt":"2015-07-21T14:13:47","guid":{"rendered":"http:\/\/uniconxml.mintithemes.com\/?page_id=15256"},"modified":"2024-08-29T08:35:55","modified_gmt":"2024-08-29T08:35:55","slug":"home-monochromatic","status":"publish","type":"page","link":"https:\/\/ibuss.de\/","title":{"rendered":"Home: Monochromatic"},"content":{"rendered":"<p>[vc_row type=&#8220;full_width_section&#8220;][vc_column width=&#8220;1\/1&#8243;][rev_slider_vc alias=&#8220;somethingbig&#8220;][\/vc_column][\/vc_row][vc_row top_padding=&#8220;140&#8243; bottom_padding=&#8220;140&#8243;][vc_column width=&#8220;1\/3&#8243;]<h1 class=\"headline font-special fontsize-xl fontweight-300 lh-14 align-right transform-inherit \" style=\"margin: 0 0 20px 0;\">Wir \u00fcber uns<\/h1>[\/vc_column][vc_column width=&#8220;1\/3&#8243;][vc_column_text]Die Philosophie, frisch gesch\u00e4lte Kartoffeln in hochwertiger Qualit\u00e4t zuverl\u00e4ssig und zu ad\u00e4quaten Preisen zu liefern, begann mit der Gr\u00fcndung eines kleinen Kartoffelsch\u00e4lbetriebs in der S\u00fcd-Heide.<\/p>\n<p>1994 f\u00fchrte das stetige Wachstum und die Erweiterung der Produktionspalette zu entscheidenden Entwicklungen. Inmitten der beiden gr\u00f6\u00dften Kartoffelanbaugebiete, der Altmark und der L\u00fcneburger Heide, entsteht in Kl\u00f6tze OT Kusey eine Produktionshalle mit drei Sch\u00e4llinien.[\/vc_column_text][\/vc_column][vc_column width=&#8220;1\/3&#8243;][vc_column_text]Kontinuierliche Ausbaustufen sowie weitere neu ent-standene Produktionsst\u00e4tten im Jahre 2004 und 2013 mit den neusten Techniken garantieren bis heute die hochwertige Qualit\u00e4t bei einer Produktionskapazit\u00e4t von t\u00e4glich \u00fcber 50 Tonnen gesch\u00e4lter Kartoffeln.<\/p>\n<p>Seit 1986 pr\u00e4sentiert sich das Unternehmen mit einem H\u00f6chstma\u00df an Einsatz und pers\u00f6nlichem Engagement und ist durch seinen hohen Qualit\u00e4tsanspruch heute hervorragend am Markt positioniert.<br \/>\nDer Ausbau einer eigenen Logistik erm\u00f6glicht zudem die zuverl\u00e4ssige Lieferung zu angemessenen Preisen &#8211; entsprechend der Philosophie von Ibuss.[\/vc_column_text][\/vc_column][\/vc_row][vc_row bg_color=&#8220;#dddddd&#8220; top_padding=&#8220;140&#8243; bottom_padding=&#8220;100&#8243;][vc_column width=&#8220;1\/1&#8243;]<h3 class=\"headline font-special fontsize-xl fontweight-300 lh-inherit align-center transform-inherit \" style=\"margin: 0 0 20px 0;\">Unternehmen, mit denen wir zusammenarbeiten:<\/h3><div class=\"headline font-inherit fontsize-m fontweight-inherit lh-inherit align-center transform-inherit \" style=\"margin: 0 10% 50px 10%;\">Wir sind sehr stolz darauf folgenden Kunden und Partnern zu haben:<\/div>[vc_row_inner][vc_column_inner width=&#8220;1\/6&#8243; animation=&#8220;none&#8220;][vc_column_text]<span class=\"tooltips\"><a href=\"#\" title=\"Use Tooltips everywhere! Nice, huh?\" onclick=\"return false\"><img loading=\"lazy\" decoding=\"async\" class=\"alignnone wp-image-15608 size-medium\" src=\"https:\/\/ibuss.de\/wp-content\/uploads\/2023\/01\/Transgourmet_Logo_web-300x146.png\" alt=\"\" width=\"300\" height=\"146\" srcset=\"https:\/\/ibuss.de\/wp-content\/uploads\/2023\/01\/Transgourmet_Logo_web-300x146.png 300w, https:\/\/ibuss.de\/wp-content\/uploads\/2023\/01\/Transgourmet_Logo_web.png 359w\" sizes=\"auto, (max-width: 300px) 100vw, 300px\" \/><\/a><\/span>[\/vc_column_text][\/vc_column_inner][vc_column_inner width=&#8220;1\/6&#8243; animation=&#8220;none&#8220;][vc_column_text]<span class=\"tooltips\"><a href=\"#\" title=\"Our happy Client\" onclick=\"return false\"><img loading=\"lazy\" decoding=\"async\" class=\"alignnone wp-image-15614 size-medium\" src=\"https:\/\/ibuss.de\/wp-content\/uploads\/2023\/01\/CC_Logo_web-300x150.png\" alt=\"\" width=\"300\" height=\"150\" srcset=\"https:\/\/ibuss.de\/wp-content\/uploads\/2023\/01\/CC_Logo_web-300x150.png 300w, https:\/\/ibuss.de\/wp-content\/uploads\/2023\/01\/CC_Logo_web-768x385.png 768w, https:\/\/ibuss.de\/wp-content\/uploads\/2023\/01\/CC_Logo_web.png 838w\" sizes=\"auto, (max-width: 300px) 100vw, 300px\" \/><\/a><\/span>[\/vc_column_text][\/vc_column_inner][vc_column_inner width=&#8220;1\/6&#8243; animation=&#8220;none&#8220;][vc_column_text]<span class=\"tooltips\"><a href=\"#\" title=\"Our happy Client\" onclick=\"return false\"><img loading=\"lazy\" decoding=\"async\" class=\"alignnone wp-image-15618 size-medium\" src=\"https:\/\/ibuss.de\/wp-content\/uploads\/2023\/01\/Edeka_Logo_weba-300x150.png\" alt=\"\" width=\"300\" height=\"150\" srcset=\"https:\/\/ibuss.de\/wp-content\/uploads\/2023\/01\/Edeka_Logo_weba-300x150.png 300w, https:\/\/ibuss.de\/wp-content\/uploads\/2023\/01\/Edeka_Logo_weba-768x385.png 768w, https:\/\/ibuss.de\/wp-content\/uploads\/2023\/01\/Edeka_Logo_weba.png 838w\" sizes=\"auto, (max-width: 300px) 100vw, 300px\" \/><\/a><\/span>[\/vc_column_text][\/vc_column_inner][vc_column_inner width=&#8220;1\/6&#8243; animation=&#8220;none&#8220;][vc_column_text]<span class=\"tooltips\"><a href=\"#\" title=\"Our happy Client\" onclick=\"return false\"><img loading=\"lazy\" decoding=\"async\" class=\"alignnone wp-image-15620 size-medium\" src=\"https:\/\/ibuss.de\/wp-content\/uploads\/2023\/01\/Metro_Logo_web-300x150.png\" alt=\"\" width=\"300\" height=\"150\" srcset=\"https:\/\/ibuss.de\/wp-content\/uploads\/2023\/01\/Metro_Logo_web-300x150.png 300w, https:\/\/ibuss.de\/wp-content\/uploads\/2023\/01\/Metro_Logo_web-768x385.png 768w, https:\/\/ibuss.de\/wp-content\/uploads\/2023\/01\/Metro_Logo_web.png 838w\" sizes=\"auto, (max-width: 300px) 100vw, 300px\" \/><\/a><\/span>[\/vc_column_text][\/vc_column_inner][vc_column_inner width=&#8220;1\/6&#8243; animation=&#8220;none&#8220;][vc_column_text]<span class=\"tooltips\"><a href=\"#\" title=\"Our happy Client\" onclick=\"return false\"><img loading=\"lazy\" decoding=\"async\" class=\"aligncenter wp-image-15624\" src=\"https:\/\/ibuss.de\/wp-content\/uploads\/2023\/01\/Handelshof_Logo_web-300x183.png\" alt=\"\" width=\"250\" height=\"153\" \/><\/a><\/span>[\/vc_column_text][\/vc_column_inner][\/vc_row_inner][\/vc_column][\/vc_row][vc_row top_padding=&#8220;140&#8243; bottom_padding=&#8220;100&#8243;][vc_column width=&#8220;1\/3&#8243;]<h3 class=\"headline font-special fontsize-l fontweight-700 lh-inherit align-left transform-uppercase \" style=\"margin: 0 0 20px 0; color: #000000;\">WIR BIETEN IHNEN<\/h3><div class=\"divider divider6\" style='margin:0 !important;'><\/div>[\/vc_column][vc_column width=&#8220;2\/3&#8243;][vc_row_inner][vc_column_inner width=&#8220;1\/2&#8243;][vc_column_text]<\/p>\n<ul>\n<li>gesch\u00e4lte Kartoffeln in Verschiedenen Variationen, Sortierungen und schnitten<\/li>\n<li>Kartoffeln als Rohware in verschiedenen Verpackungsformen<\/li>\n<li>t\u00e4gliche Auslieferungen in nord- und ostdeutschen Bundesgebieten<\/li>\n<\/ul>\n<p>[\/vc_column_text][\/vc_column_inner][vc_column_inner width=&#8220;1\/2&#8243;][vc_column_text]Kartoffel- und Gem\u00fcseprodukte werden immer mehr in Qualit\u00e4ten aus biologischem Anbau gew\u00fcnscht. Wir haben uns zur Aufgabe gemacht, durch die Auswahl regionaler Erzeuger ein H\u00f6chstma\u00df an Produktionssicherheit zu gew\u00e4hrleisten. Alles Biotastisch!<\/p>\n<p>Die Basisprodukte stehen im t\u00e4glichen Sortiment zur Disposition.<br \/>\nGesunde Qualit\u00e4t, die man schmeckt.[\/vc_column_text][\/vc_column_inner][\/vc_row_inner][\/vc_column][\/vc_row][vc_row top_padding=&#8220;0&#8243; bottom_padding=&#8220;0&#8243;][vc_column width=&#8220;1\/1&#8243;]\n\t\t<div class=\"portfolio-element\">\n\n\t\t\n\t\t\t\t\t<div class=\"container\">\n\t\t\n\t\t\t\t\t<div id=\"2105355425\" class=\"portfolio-items portfolio-grid portfolio-overlay-effect clearfix\" data-id=\"2105355425\">  \n\t\t\t\t\t\t\n\t\t\t\t\t\t\t\n\t\t\t\t\t\t\t\n\t\t\t\t\t\t\n\t\t\t\t\t\t\t\t\t\t\t\t\t\t\t\t\n\t\t\t\t\t\t\t\t   \n\n\t\t\t\t\t\t\t\t<div class=\"term-gemuese term-slider portfolio-item four columns\">\n\t\t\t\t\t\t\t\t\t<div class=\"portfolio-image\"><a href=\"https:\/\/ibuss.de\/?portfolio=bioprodukte\" title=\"Bioprodukte\"><div class=\"portfolio-image-img\"><img decoding=\"async\" src=\"https:\/\/ibuss.de\/wp-content\/uploads\/2023\/01\/Geschaelte_Ware_04-1000x1000.jpg\" alt=\"Bioprodukte\" \/><\/div><div class=\"portfolio-overlay overlay-effect\"><span>Bioprodukte<\/span><\/div><\/a><\/div>\n\t\t\t\t\t\t\t\t<\/div>\n\n\t\t\t\t\t\t\t\t\t\t\t\t  \n\t\t\t\t\t\t\n\t\t\t\t\t\t\t\n\t\t\t\t\t\t\t\n\t\t\t\t\t\t\n\t\t\t\t\t\t\t\t\t\t\t\t\t\t\t\t\n\t\t\t\t\t\t\t\t   \n\n\t\t\t\t\t\t\t\t<div class=\"term-gemuese term-spezialprodukte portfolio-item four columns\">\n\t\t\t\t\t\t\t\t\t<div class=\"portfolio-image\"><a href=\"https:\/\/ibuss.de\/?portfolio=iwatch\" title=\"Kartoffeln\"><div class=\"portfolio-image-img\"><img decoding=\"async\" src=\"https:\/\/ibuss.de\/wp-content\/uploads\/2014\/12\/Karroffel_05-1000x1000.png\" alt=\"Kartoffeln\" \/><\/div><div class=\"portfolio-overlay overlay-effect\"><span>Kartoffeln<\/span><\/div><\/a><\/div>\n\t\t\t\t\t\t\t\t<\/div>\n\n\t\t\t\t\t\t\t\t\t\t\t\t  \n\t\t\t\t\t\t\n\t\t\t\t\t\t\t\n\t\t\t\t\t\t\t\n\t\t\t\t\t\t\n\t\t\t\t\t\t\t\t\t\t\t\t\t\t\t\t\n\t\t\t\t\t\t\t\t   \n\n\t\t\t\t\t\t\t\t<div class=\"term-gemuese term-slider term-spezialprodukte portfolio-item four columns\">\n\t\t\t\t\t\t\t\t\t<div class=\"portfolio-image\"><a href=\"https:\/\/ibuss.de\/?portfolio=magazine\" title=\"Gem\u00fcse\"><div class=\"portfolio-image-img\"><img decoding=\"async\" src=\"https:\/\/ibuss.de\/wp-content\/uploads\/2014\/12\/Gemuese_-Page4-1000x1000.jpg\" alt=\"Gem\u00fcse\" \/><\/div><div class=\"portfolio-overlay overlay-effect\"><span>Gem\u00fcse<\/span><\/div><\/a><\/div>\n\t\t\t\t\t\t\t\t<\/div>\n\n\t\t\t\t\t\t\t\t\t\t\t\t  \n\t\t\t\t\t\t\n\t\t\t\t\t\t\t\n\t\t\t\t\t\t\t\n\t\t\t\t\t\t\n\t\t\t\t\t\t\t\t\t\t\t\t\t\t\t\t\n\t\t\t\t\t\t\t\t   \n\n\t\t\t\t\t\t\t\t<div class=\"term-obst term-slider term-spezialprodukte portfolio-item four columns\">\n\t\t\t\t\t\t\t\t\t<div class=\"portfolio-image\"><a href=\"https:\/\/ibuss.de\/?portfolio=ipad-smart-cover\" title=\"Obst &#038; Spezialprodukte\"><div class=\"portfolio-image-img\"><img decoding=\"async\" src=\"https:\/\/ibuss.de\/wp-content\/uploads\/2014\/12\/Salat_-Page1-1000x1000.jpg\" alt=\"Obst &#038; Spezialprodukte\" \/><\/div><div class=\"portfolio-overlay overlay-effect\"><span>Obst &#038; Spezialprodukte<\/span><\/div><\/a><\/div>\n\t\t\t\t\t\t\t\t<\/div>\n\n\t\t\t\t\t\t\t\t\t\t\t\t  \n\t\t\t\t\t\t\t\t\t\t\t<\/div>\n\n\t\t\t\t\t<\/div>\n\t\t\n\t\t<\/div>\n\t\t\t\n\t\t\t\t\t<div class=\"pagination-grid\"><p class=\"hidden\"><\/p><\/div>\n\t\t\t\t\n\t\t[\/vc_column][\/vc_row][vc_row bg_color=&#8220;#eaeaea&#8220; top_padding=&#8220;140&#8243; bottom_padding=&#8220;140&#8243;][vc_column width=&#8220;1\/2&#8243;]<div class=\"iconbox  iconbox-style-10 icon-color-greyscale color-dark clearfix\"><i class=\"fa fa-phone boxicon\" style=\"\"><\/i><h3>FRAGEN?<\/h3><p>Falls Sie weitere Informationen brauchen,<br \/>\nfreue wir uns auf Ihre Nachricht.<\/p>\n<a href=\"tel:+49%2039005%209720\" target=\"_self\" class=\"button color-2 medium \" style=\"border-radius: 2px;\">+49 39005 9720<\/a><\/p><\/div>[\/vc_column][vc_column width=&#8220;1\/2&#8243;]<div class=\"iconbox  iconbox-style-10 icon-color-greyscale color-dark clearfix\"><i class=\"fa fa-envelope-open boxicon\" style=\"\"><\/i><h3>DER DIRKETE WEG<\/h3><p>Wir bieten Orientierung und L\u00f6sungsversuche.\u00a0 Interesse an ein Angebot ? Lass Sie es uns wissen.<\/p>\n<a href=\"mailto:auftragsbearbeitung@ibuss.de\" target=\"_self\" class=\"button color-2 medium \" style=\"border-radius: 2px;\">Kontakt<\/a><\/p><\/div>[\/vc_column][\/vc_row]<\/p>\n","protected":false},"excerpt":{"rendered":"<p>[vc_row type=&#8220;full_width_section&#8220;][vc_column width=&#8220;1\/1&#8243;][rev_slider_vc alias=&#8220;somethingbig&#8220;][\/vc_column][\/vc_row][vc_row top_padding=&#8220;140&#8243; bottom_padding=&#8220;140&#8243;][vc_column width=&#8220;1\/3&#8243;][\/vc_column][vc_column width=&#8220;1\/3&#8243;][vc_column_text]Die Philosophie, frisch gesch\u00e4lte Kartoffeln in hochwertiger Qualit\u00e4t zuverl\u00e4ssig und zu ad\u00e4quaten Preisen zu liefern, begann mit der Gr\u00fcndung eines kleinen Kartoffelsch\u00e4lbetriebs in der S\u00fcd-Heide. 1994 f\u00fchrte das stetige Wachstum und die Erweiterung der Produktionspalette zu entscheidenden Entwicklungen. Inmitten der beiden gr\u00f6\u00dften Kartoffelanbaugebiete, der Altmark und der L\u00fcneburger Heide, entsteht in Kl\u00f6tze OT Kusey eine Produktionshalle mit drei Sch\u00e4llinien.[\/vc_column_text][\/vc_column][vc_column width=&#8220;1\/3&#8243;][vc_column_text]Kontinuierliche Ausbaustufen sowie weitere neu ent-standene Produktionsst\u00e4tten im Jahre 2004 und 2013 mit den neusten Techniken garantieren bis heute die hochwertige Qualit\u00e4t bei einer Produktionskapazit\u00e4t von t\u00e4glich \u00fcber 50 Tonnen gesch\u00e4lter Kartoffeln. Seit 1986 pr\u00e4sentiert sich das Unternehmen mit einem H\u00f6chstma\u00df an Einsatz und pers\u00f6nlichem Engagement und ist durch seinen hohen Qualit\u00e4tsanspruch heute hervorragend am Markt positioniert. Der Ausbau einer eigenen Logistik erm\u00f6glicht zudem die zuverl\u00e4ssige Lieferung zu angemessenen Preisen &#8211; entsprechend der Philosophie von Ibuss.[\/vc_column_text][\/vc_column][\/vc_row][vc_row bg_color=&#8220;#dddddd&#8220; top_padding=&#8220;140&#8243; bottom_padding=&#8220;100&#8243;][vc_column width=&#8220;1\/1&#8243;][vc_row_inner][vc_column_inner width=&#8220;1\/6&#8243; animation=&#8220;none&#8220;][vc_column_text][\/vc_column_text][\/vc_column_inner][vc_column_inner width=&#8220;1\/6&#8243; animation=&#8220;none&#8220;][vc_column_text][\/vc_column_text][\/vc_column_inner][vc_column_inner width=&#8220;1\/6&#8243; animation=&#8220;none&#8220;][vc_column_text][\/vc_column_text][\/vc_column_inner][vc_column_inner width=&#8220;1\/6&#8243; animation=&#8220;none&#8220;][vc_column_text][\/vc_column_text][\/vc_column_inner][vc_column_inner width=&#8220;1\/6&#8243; animation=&#8220;none&#8220;][vc_column_text][\/vc_column_text][\/vc_column_inner][\/vc_row_inner][\/vc_column][\/vc_row][vc_row top_padding=&#8220;140&#8243; bottom_padding=&#8220;100&#8243;][vc_column width=&#8220;1\/3&#8243;][\/vc_column][vc_column width=&#8220;2\/3&#8243;][vc_row_inner][vc_column_inner width=&#8220;1\/2&#8243;][vc_column_text] gesch\u00e4lte Kartoffeln in Verschiedenen Variationen, Sortierungen und schnitten Kartoffeln als Rohware in verschiedenen Verpackungsformen t\u00e4gliche Auslieferungen in nord- und ostdeutschen Bundesgebieten [\/vc_column_text][\/vc_column_inner][vc_column_inner width=&#8220;1\/2&#8243;][vc_column_text]Kartoffel- und Gem\u00fcseprodukte werden immer mehr in Qualit\u00e4ten aus biologischem Anbau gew\u00fcnscht. Wir haben uns zur Aufgabe [&hellip;]<\/p>\n","protected":false},"author":1,"featured_media":0,"parent":0,"menu_order":0,"comment_status":"closed","ping_status":"closed","template":"","meta":{"footnotes":""},"class_list":["post-15336","page","type-page","status-publish","hentry"],"_links":{"self":[{"href":"https:\/\/ibuss.de\/index.php?rest_route=\/wp\/v2\/pages\/15336","targetHints":{"allow":["GET"]}}],"collection":[{"href":"https:\/\/ibuss.de\/index.php?rest_route=\/wp\/v2\/pages"}],"about":[{"href":"https:\/\/ibuss.de\/index.php?rest_route=\/wp\/v2\/types\/page"}],"author":[{"embeddable":true,"href":"https:\/\/ibuss.de\/index.php?rest_route=\/wp\/v2\/users\/1"}],"replies":[{"embeddable":true,"href":"https:\/\/ibuss.de\/index.php?rest_route=%2Fwp%2Fv2%2Fcomments&post=15336"}],"version-history":[{"count":46,"href":"https:\/\/ibuss.de\/index.php?rest_route=\/wp\/v2\/pages\/15336\/revisions"}],"predecessor-version":[{"id":16086,"href":"https:\/\/ibuss.de\/index.php?rest_route=\/wp\/v2\/pages\/15336\/revisions\/16086"}],"wp:attachment":[{"href":"https:\/\/ibuss.de\/index.php?rest_route=%2Fwp%2Fv2%2Fmedia&parent=15336"}],"curies":[{"name":"wp","href":"https:\/\/api.w.org\/{rel}","templated":true}]}}