{"id":12805,"date":"2015-01-06T19:43:31","date_gmt":"2015-01-06T19:43:31","guid":{"rendered":"http:\/\/localhost\/themes\/unicon\/?page_id=12805"},"modified":"2023-01-19T07:15:20","modified_gmt":"2023-01-19T07:15:20","slug":"about-freelancer","status":"publish","type":"page","link":"https:\/\/ibuss.de\/?page_id=12805","title":{"rendered":"Produkte"},"content":{"rendered":"<p>[vc_row top_padding=&#8220;0&#8243; bottom_padding=&#8220;0&#8243;][vc_column width=&#8220;1\/1&#8243;]<div class=\"single_image wpb_content_element align-left    \" data-animation=\"none\" data-delay=\"0\"><img loading=\"lazy\" decoding=\"async\" width=\"1171\" height=\"386\" src=\"https:\/\/ibuss.de\/wp-content\/uploads\/2023\/01\/Banner_Produkte.jpg\" class=\"attachment-full\" alt=\"\" title=\"Banner_Produkte\" srcset=\"https:\/\/ibuss.de\/wp-content\/uploads\/2023\/01\/Banner_Produkte.jpg 1171w, https:\/\/ibuss.de\/wp-content\/uploads\/2023\/01\/Banner_Produkte-300x99.jpg 300w, https:\/\/ibuss.de\/wp-content\/uploads\/2023\/01\/Banner_Produkte-1024x338.jpg 1024w, https:\/\/ibuss.de\/wp-content\/uploads\/2023\/01\/Banner_Produkte-768x253.jpg 768w\" sizes=\"auto, (max-width: 1171px) 100vw, 1171px\" \/><\/div>[\/vc_column][\/vc_row][vc_row top_padding=&#8220;50&#8243;][vc_column width=&#8220;1\/1&#8243;]<h5 class=\"headline font-inherit fontsize-xl fontweight-inherit lh-inherit align-center transform-inherit \" style=\"margin: 0 0 20px 0; color: #dd8500;\">UNSERE PRODUKTLINIE<\/h5>[\/vc_column][\/vc_row][vc_row bg_position=&#8220;left top&#8220;][vc_column text_align=&#8220;center&#8220; width=&#8220;1\/1&#8243;]\n\t\t<div class=\"portfolio-element\">\n\n\t\t\n\t\t\t\t\t<div class=\"container\">\n\t\t\n\t\t\t\t\t<div id=\"1657241542\" class=\"portfolio-items portfolio-grid portfolio-overlay-effect clearfix\" data-id=\"1657241542\">  \n\t\t\t\t\t\t\n\t\t\t\t\t\t\t\n\t\t\t\t\t\t\t\n\t\t\t\t\t\t\n\t\t\t\t\t\t\t\t\t\t\t\t\t\t\t\t\n\t\t\t\t\t\t\t\t   \n\n\t\t\t\t\t\t\t\t<div class=\"term-gemuese term-slider portfolio-item one-third column\">\n\t\t\t\t\t\t\t\t\t<div class=\"portfolio-image\"><a href=\"https:\/\/ibuss.de\/?portfolio=bioprodukte\" title=\"Bioprodukte\"><div class=\"portfolio-image-img\"><img decoding=\"async\" src=\"https:\/\/ibuss.de\/wp-content\/uploads\/2023\/01\/Geschaelte_Ware_04-1000x1000.jpg\" alt=\"Bioprodukte\" \/><\/div><div class=\"portfolio-overlay overlay-effect\"><span>Bioprodukte<\/span><\/div><\/a><\/div>\n\t\t\t\t\t\t\t\t<\/div>\n\n\t\t\t\t\t\t\t\t\t\t\t\t  \n\t\t\t\t\t\t\n\t\t\t\t\t\t\t\n\t\t\t\t\t\t\t\n\t\t\t\t\t\t\n\t\t\t\t\t\t\t\t\t\t\t\t\t\t\t\t\n\t\t\t\t\t\t\t\t   \n\n\t\t\t\t\t\t\t\t<div class=\"term-gemuese term-slider term-spezialprodukte portfolio-item one-third column\">\n\t\t\t\t\t\t\t\t\t<div class=\"portfolio-image\"><a href=\"https:\/\/ibuss.de\/?portfolio=magazine\" title=\"Gem\u00fcse\"><div class=\"portfolio-image-img\"><img decoding=\"async\" src=\"https:\/\/ibuss.de\/wp-content\/uploads\/2014\/12\/Gemuese_-Page4-1000x1000.jpg\" alt=\"Gem\u00fcse\" \/><\/div><div class=\"portfolio-overlay overlay-effect\"><span>Gem\u00fcse<\/span><\/div><\/a><\/div>\n\t\t\t\t\t\t\t\t<\/div>\n\n\t\t\t\t\t\t\t\t\t\t\t\t  \n\t\t\t\t\t\t\n\t\t\t\t\t\t\t\n\t\t\t\t\t\t\t\n\t\t\t\t\t\t\n\t\t\t\t\t\t\t\t\t\t\t\t\t\t\t\t\n\t\t\t\t\t\t\t\t   \n\n\t\t\t\t\t\t\t\t<div class=\"term-obst term-slider term-spezialprodukte portfolio-item one-third column\">\n\t\t\t\t\t\t\t\t\t<div class=\"portfolio-image\"><a href=\"https:\/\/ibuss.de\/?portfolio=ipad-smart-cover\" title=\"Obst &#038; Spezialprodukte\"><div class=\"portfolio-image-img\"><img decoding=\"async\" src=\"https:\/\/ibuss.de\/wp-content\/uploads\/2014\/12\/Salat_-Page1-1000x1000.jpg\" alt=\"Obst &#038; Spezialprodukte\" \/><\/div><div class=\"portfolio-overlay overlay-effect\"><span>Obst &#038; Spezialprodukte<\/span><\/div><\/a><\/div>\n\t\t\t\t\t\t\t\t<\/div>\n\n\t\t\t\t\t\t\t\t\t\t\t\t  \n\t\t\t\t\t\t\t\t\t\t\t<\/div>\n\n\t\t\t\t\t<\/div>\n\t\t\n\t\t<\/div>\n\t\t\t\n\t\t\t\t\n\t\t[\/vc_column][\/vc_row][vc_row top_padding=&#8220;100&#8243; bottom_padding=&#8220;100&#8243; bg_position=&#8220;left top&#8220;][vc_column width=&#8220;1\/3&#8243;]<h3 class=\"headline font-special fontsize-l fontweight-700 lh-inherit align-left transform-uppercase \" style=\"margin: 0 0 20px 0; color: #333333;\">KARTOFFEL<\/h3><div class=\"divider divider6\" style='margin:0 !important;'><\/div><div class=\"spacer\" style=\"height: 40px;\"><\/div><div class=\"single_image wpb_content_element align-left    \" data-animation=\"none\" data-delay=\"0\"><img loading=\"lazy\" decoding=\"async\" width=\"328\" height=\"157\" src=\"https:\/\/ibuss.de\/wp-content\/uploads\/2023\/01\/Kartoffel_05.jpg\" class=\"attachment-full\" alt=\"\" title=\"Kartoffel_05\" srcset=\"https:\/\/ibuss.de\/wp-content\/uploads\/2023\/01\/Kartoffel_05.jpg 328w, https:\/\/ibuss.de\/wp-content\/uploads\/2023\/01\/Kartoffel_05-300x144.jpg 300w\" sizes=\"auto, (max-width: 328px) 100vw, 328px\" \/><\/div>[\/vc_column][vc_column width=&#8220;2\/3&#8243;][vc_column_text]F\u00fcr die verschiedenen Bed\u00fcrfnisse unserer Kunden halten wir diverse Sorten mit unterschiedlichen Kocheigenschaften (von mehlig bis festkochend) bereit. Die messergesch\u00e4lte und handverlesene Kartoffel wird grunds\u00e4tzlich kalibriert. Es stehen drei nahezu einheitliche Gr\u00f6\u00dfen zur Verf\u00fcgung: Die sogenannten Drillinge, eine mittlere Sortierung bis 50 mm und eine \u00dcbergr\u00f6\u00dfe. Diese k\u00f6nnen als ganze Kartoffel geliefert oder je nach Gr\u00f6\u00dfe halbiert, geviertelt und gesechtelt werden. Ebenso sind Scheiben, Stifte, Raspel, Spalten wie auch W\u00fcrfel als weitere Varianten in unterschiedlichen Schnittst\u00e4rken m\u00f6glich. Als Besonderheit bieten wir Ihnen die profilierte Kartoffel (Pom Pom) an. Unsere St\u00e4rke ist unsere Flexibilit\u00e4t. Gerne setzen wir auch individuelle W\u00fcnsche unserer Kunden um.<\/p>\n<p><span style=\"color: #ff6600;\"><strong>Alle Produkte auch BIO, logisch!<\/strong><\/span><\/p>\n<p>Dieses Spektrum wird von uns auch als Produkt aus biologischem Anbau angeboten. Bei Bedarf lassen wir Ihnen gern unser Zertifikat sowie unseren aktuellen Kontrollbericht zukommen.[\/vc_column_text][\/vc_column][\/vc_row][vc_row top_padding=&#8220;100&#8243; bottom_padding=&#8220;100&#8243; bg_position=&#8220;left top&#8220;][vc_column]<div class=\"gallery-style-1\">\n\t\t<style type=\"text\/css\">\n\t\t\t#gallery-1 {\n\t\t\t\tmargin: auto;\n\t\t\t}\n\t\t\t#gallery-1 .gallery-item {\n\t\t\t\tfloat: left;\n\t\t\t\tmargin-top: 10px;\n\t\t\t\ttext-align: center;\n\t\t\t\twidth: 20%;\n\t\t\t}\n\t\t\t#gallery-1 img {\n\t\t\t\tborder: 2px solid #cfcfcf;\n\t\t\t}\n\t\t\t#gallery-1 .gallery-caption {\n\t\t\t\tmargin-left: 0;\n\t\t\t}\n\t\t\t\/* see gallery_shortcode() in wp-includes\/media.php *\/\n\t\t<\/style>\n\t\t<div id='gallery-1' class='gallery galleryid-11937 gallery-columns-5 gallery-size-thumbnail'><dl class='gallery-item'>\n\t\t\t<dt class='gallery-icon landscape'>\n\t\t\t\t<a rel=\"prettyPhoto[pp_gal]\" href='https:\/\/ibuss.de\/wp-content\/uploads\/2023\/01\/Geschaelte_Ware_04.jpg'><img loading=\"lazy\" decoding=\"async\" width=\"150\" height=\"150\" src=\"https:\/\/ibuss.de\/wp-content\/uploads\/2023\/01\/Geschaelte_Ware_04-150x150.jpg\" class=\"attachment-thumbnail size-thumbnail\" alt=\"\" srcset=\"https:\/\/ibuss.de\/wp-content\/uploads\/2023\/01\/Geschaelte_Ware_04-150x150.jpg 150w, https:\/\/ibuss.de\/wp-content\/uploads\/2023\/01\/Geschaelte_Ware_04-300x300.jpg 300w, https:\/\/ibuss.de\/wp-content\/uploads\/2023\/01\/Geschaelte_Ware_04-768x768.jpg 768w, https:\/\/ibuss.de\/wp-content\/uploads\/2023\/01\/Geschaelte_Ware_04-80x80.jpg 80w, https:\/\/ibuss.de\/wp-content\/uploads\/2023\/01\/Geschaelte_Ware_04-500x500.jpg 500w, https:\/\/ibuss.de\/wp-content\/uploads\/2023\/01\/Geschaelte_Ware_04.jpg 1000w\" sizes=\"auto, (max-width: 150px) 100vw, 150px\" \/><\/a>\n\t\t\t<\/dt><\/dl><dl class='gallery-item'>\n\t\t\t<dt class='gallery-icon landscape'>\n\t\t\t\t<a rel=\"prettyPhoto[pp_gal]\" href='https:\/\/ibuss.de\/wp-content\/uploads\/2023\/01\/Geschaelte_Ware_02.jpg'><img loading=\"lazy\" decoding=\"async\" width=\"150\" height=\"150\" src=\"https:\/\/ibuss.de\/wp-content\/uploads\/2023\/01\/Geschaelte_Ware_02-150x150.jpg\" class=\"attachment-thumbnail size-thumbnail\" alt=\"\" srcset=\"https:\/\/ibuss.de\/wp-content\/uploads\/2023\/01\/Geschaelte_Ware_02-150x150.jpg 150w, https:\/\/ibuss.de\/wp-content\/uploads\/2023\/01\/Geschaelte_Ware_02-300x300.jpg 300w, https:\/\/ibuss.de\/wp-content\/uploads\/2023\/01\/Geschaelte_Ware_02-768x768.jpg 768w, https:\/\/ibuss.de\/wp-content\/uploads\/2023\/01\/Geschaelte_Ware_02-80x80.jpg 80w, https:\/\/ibuss.de\/wp-content\/uploads\/2023\/01\/Geschaelte_Ware_02-500x500.jpg 500w, https:\/\/ibuss.de\/wp-content\/uploads\/2023\/01\/Geschaelte_Ware_02.jpg 1000w\" sizes=\"auto, (max-width: 150px) 100vw, 150px\" \/><\/a>\n\t\t\t<\/dt><\/dl><dl class='gallery-item'>\n\t\t\t<dt class='gallery-icon landscape'>\n\t\t\t\t<a rel=\"prettyPhoto[pp_gal]\" href='https:\/\/ibuss.de\/wp-content\/uploads\/2023\/01\/Geschaelte_Ware_05.jpg'><img loading=\"lazy\" decoding=\"async\" width=\"150\" height=\"150\" src=\"https:\/\/ibuss.de\/wp-content\/uploads\/2023\/01\/Geschaelte_Ware_05-150x150.jpg\" class=\"attachment-thumbnail size-thumbnail\" alt=\"\" srcset=\"https:\/\/ibuss.de\/wp-content\/uploads\/2023\/01\/Geschaelte_Ware_05-150x150.jpg 150w, https:\/\/ibuss.de\/wp-content\/uploads\/2023\/01\/Geschaelte_Ware_05-300x300.jpg 300w, https:\/\/ibuss.de\/wp-content\/uploads\/2023\/01\/Geschaelte_Ware_05-768x768.jpg 768w, https:\/\/ibuss.de\/wp-content\/uploads\/2023\/01\/Geschaelte_Ware_05-80x80.jpg 80w, https:\/\/ibuss.de\/wp-content\/uploads\/2023\/01\/Geschaelte_Ware_05-500x500.jpg 500w, https:\/\/ibuss.de\/wp-content\/uploads\/2023\/01\/Geschaelte_Ware_05.jpg 1000w\" sizes=\"auto, (max-width: 150px) 100vw, 150px\" \/><\/a>\n\t\t\t<\/dt><\/dl><dl class='gallery-item'>\n\t\t\t<dt class='gallery-icon landscape'>\n\t\t\t\t<a rel=\"prettyPhoto[pp_gal]\" href='https:\/\/ibuss.de\/wp-content\/uploads\/2023\/01\/Geschaelte_Ware_01.jpg'><img loading=\"lazy\" decoding=\"async\" width=\"150\" height=\"150\" src=\"https:\/\/ibuss.de\/wp-content\/uploads\/2023\/01\/Geschaelte_Ware_01-150x150.jpg\" class=\"attachment-thumbnail size-thumbnail\" alt=\"\" srcset=\"https:\/\/ibuss.de\/wp-content\/uploads\/2023\/01\/Geschaelte_Ware_01-150x150.jpg 150w, https:\/\/ibuss.de\/wp-content\/uploads\/2023\/01\/Geschaelte_Ware_01-300x300.jpg 300w, https:\/\/ibuss.de\/wp-content\/uploads\/2023\/01\/Geschaelte_Ware_01-768x768.jpg 768w, https:\/\/ibuss.de\/wp-content\/uploads\/2023\/01\/Geschaelte_Ware_01-80x80.jpg 80w, https:\/\/ibuss.de\/wp-content\/uploads\/2023\/01\/Geschaelte_Ware_01-500x500.jpg 500w, https:\/\/ibuss.de\/wp-content\/uploads\/2023\/01\/Geschaelte_Ware_01.jpg 1000w\" sizes=\"auto, (max-width: 150px) 100vw, 150px\" \/><\/a>\n\t\t\t<\/dt><\/dl><dl class='gallery-item'>\n\t\t\t<dt class='gallery-icon landscape'>\n\t\t\t\t<a rel=\"prettyPhoto[pp_gal]\" href='https:\/\/ibuss.de\/wp-content\/uploads\/2023\/01\/Geschaelte_Ware_03.jpg'><img loading=\"lazy\" decoding=\"async\" width=\"150\" height=\"150\" src=\"https:\/\/ibuss.de\/wp-content\/uploads\/2023\/01\/Geschaelte_Ware_03-150x150.jpg\" class=\"attachment-thumbnail size-thumbnail\" alt=\"\" srcset=\"https:\/\/ibuss.de\/wp-content\/uploads\/2023\/01\/Geschaelte_Ware_03-150x150.jpg 150w, https:\/\/ibuss.de\/wp-content\/uploads\/2023\/01\/Geschaelte_Ware_03-300x300.jpg 300w, https:\/\/ibuss.de\/wp-content\/uploads\/2023\/01\/Geschaelte_Ware_03-768x768.jpg 768w, https:\/\/ibuss.de\/wp-content\/uploads\/2023\/01\/Geschaelte_Ware_03-80x80.jpg 80w, https:\/\/ibuss.de\/wp-content\/uploads\/2023\/01\/Geschaelte_Ware_03-500x500.jpg 500w, https:\/\/ibuss.de\/wp-content\/uploads\/2023\/01\/Geschaelte_Ware_03.jpg 1000w\" sizes=\"auto, (max-width: 150px) 100vw, 150px\" \/><\/a>\n\t\t\t<\/dt><\/dl><br style=\"clear: both\" \/>\n\t\t<\/div>\n<\/div>[\/vc_column][\/vc_row][vc_row type=&#8220;full_width_section&#8220; bg_position=&#8220;left top&#8220;][vc_column width=&#8220;1\/1&#8243;]<div class=\"divider divider1\" style='margin:0 !important;'><\/div>[\/vc_column][\/vc_row][vc_row bg_color=&#8220;#fafafa&#8220; top_padding=&#8220;100&#8243; bottom_padding=&#8220;100&#8243; bg_position=&#8220;left top&#8220;][vc_column width=&#8220;1\/3&#8243;]<h3 class=\"headline font-special fontsize-l fontweight-700 lh-inherit align-left transform-uppercase \" style=\"margin: 0 0 20px 0; color: #333333;\">ZERTIFIKATE<\/h3><div class=\"divider divider6\" style='margin:0 !important;'><\/div><div class=\"spacer\" style=\"height: 40px;\"><\/div>[\/vc_column][vc_column width=&#8220;1\/3&#8243;][vc_column_text]<strong>BIO &#8211; A.B.CERT<\/strong><\/p>\n<a href=\"https:\/\/ibuss.de\/wp-content\/uploads\/2023\/01\/Bio-Abcert-bis-31.01.2023.pdf\" target=\"_self\" class=\"button color-1 medium \" style=\"border-radius: 2px;\"><i class='fa fa-paperclip'><\/i>A.B.CERT \/ Zertifikat<\/a>[\/vc_column_text][\/vc_column][vc_column width=&#8220;1\/3&#8243;][vc_column_text]<strong>IFS<\/strong><\/p>\n<a href=\"https:\/\/ibuss.de\/wp-content\/uploads\/2023\/01\/IBUSS-IFS-Broker-2022-1.pdf\" target=\"_self\" class=\"button color-1 medium \" style=\"border-radius: 2px;\"><i class='fa fa-paperclip'><\/i>IFS \/ Zertifikat<\/a>[\/vc_column_text][\/vc_column][\/vc_row]<\/p>\n","protected":false},"excerpt":{"rendered":"<p>[vc_row top_padding=&#8220;0&#8243; bottom_padding=&#8220;0&#8243;][vc_column width=&#8220;1\/1&#8243;][\/vc_column][\/vc_row][vc_row top_padding=&#8220;50&#8243;][vc_column width=&#8220;1\/1&#8243;][\/vc_column][\/vc_row][vc_row bg_position=&#8220;left top&#8220;][vc_column text_align=&#8220;center&#8220; width=&#8220;1\/1&#8243;][\/vc_column][\/vc_row][vc_row top_padding=&#8220;100&#8243; bottom_padding=&#8220;100&#8243; bg_position=&#8220;left top&#8220;][vc_column width=&#8220;1\/3&#8243;][\/vc_column][vc_column width=&#8220;2\/3&#8243;][vc_column_text]F\u00fcr die verschiedenen Bed\u00fcrfnisse unserer Kunden halten wir diverse Sorten mit unterschiedlichen Kocheigenschaften (von mehlig bis festkochend) bereit. Die messergesch\u00e4lte und handverlesene Kartoffel wird grunds\u00e4tzlich kalibriert. Es stehen drei nahezu einheitliche Gr\u00f6\u00dfen zur Verf\u00fcgung: Die sogenannten Drillinge, eine mittlere Sortierung bis 50 mm und eine \u00dcbergr\u00f6\u00dfe. Diese k\u00f6nnen als ganze Kartoffel geliefert oder je nach Gr\u00f6\u00dfe halbiert, geviertelt und gesechtelt werden. Ebenso sind Scheiben, Stifte, Raspel, Spalten wie auch W\u00fcrfel als weitere Varianten in unterschiedlichen Schnittst\u00e4rken m\u00f6glich. Als Besonderheit bieten wir Ihnen die profilierte Kartoffel (Pom Pom) an. Unsere St\u00e4rke ist unsere Flexibilit\u00e4t. Gerne setzen wir auch individuelle W\u00fcnsche unserer Kunden um. Alle Produkte auch BIO, logisch! Dieses Spektrum wird von uns auch als Produkt aus biologischem Anbau angeboten. Bei Bedarf lassen wir Ihnen gern unser Zertifikat sowie unseren aktuellen Kontrollbericht zukommen.[\/vc_column_text][\/vc_column][\/vc_row][vc_row top_padding=&#8220;100&#8243; bottom_padding=&#8220;100&#8243; bg_position=&#8220;left top&#8220;][vc_column][\/vc_column][\/vc_row][vc_row type=&#8220;full_width_section&#8220; bg_position=&#8220;left top&#8220;][vc_column width=&#8220;1\/1&#8243;][\/vc_column][\/vc_row][vc_row bg_color=&#8220;#fafafa&#8220; top_padding=&#8220;100&#8243; bottom_padding=&#8220;100&#8243; bg_position=&#8220;left top&#8220;][vc_column width=&#8220;1\/3&#8243;][\/vc_column][vc_column width=&#8220;1\/3&#8243;][vc_column_text]BIO &#8211; A.B.CERT [\/vc_column_text][\/vc_column][vc_column width=&#8220;1\/3&#8243;][vc_column_text]IFS [\/vc_column_text][\/vc_column][\/vc_row]<\/p>\n","protected":false},"author":1,"featured_media":0,"parent":0,"menu_order":0,"comment_status":"closed","ping_status":"closed","template":"","meta":{"footnotes":""},"class_list":["post-12805","page","type-page","status-publish","hentry"],"_links":{"self":[{"href":"https:\/\/ibuss.de\/index.php?rest_route=\/wp\/v2\/pages\/12805","targetHints":{"allow":["GET"]}}],"collection":[{"href":"https:\/\/ibuss.de\/index.php?rest_route=\/wp\/v2\/pages"}],"about":[{"href":"https:\/\/ibuss.de\/index.php?rest_route=\/wp\/v2\/types\/page"}],"author":[{"embeddable":true,"href":"https:\/\/ibuss.de\/index.php?rest_route=\/wp\/v2\/users\/1"}],"replies":[{"embeddable":true,"href":"https:\/\/ibuss.de\/index.php?rest_route=%2Fwp%2Fv2%2Fcomments&post=12805"}],"version-history":[{"count":86,"href":"https:\/\/ibuss.de\/index.php?rest_route=\/wp\/v2\/pages\/12805\/revisions"}],"predecessor-version":[{"id":16078,"href":"https:\/\/ibuss.de\/index.php?rest_route=\/wp\/v2\/pages\/12805\/revisions\/16078"}],"wp:attachment":[{"href":"https:\/\/ibuss.de\/index.php?rest_route=%2Fwp%2Fv2%2Fmedia&parent=12805"}],"curies":[{"name":"wp","href":"https:\/\/api.w.org\/{rel}","templated":true}]}}